{"version":"1.0","provider_name":"M\u00c1V-REC Kft.","provider_url":"https:\/\/mavrec.hu\/en\/","author_name":"P\u00e9ter Cs\u0151ke","author_url":"https:\/\/mavrec.hu\/en\/author\/mavrec\/","title":"Change of Managing Director at M\u00c1V-REC - M\u00c1V-REC Kft.","type":"rich","width":600,"height":338,"html":"<blockquote class=\"wp-embedded-content\" data-secret=\"9vtSBBE7Yw\"><a href=\"https:\/\/mavrec.hu\/en\/uncategorized\/ugyvezeto-valtas-a-mav-rec-ben\/\">Change of Managing Director at M\u00c1V-REC<\/a><\/blockquote><iframe sandbox=\"allow-scripts\" security=\"restricted\" src=\"https:\/\/mavrec.hu\/en\/uncategorized\/ugyvezeto-valtas-a-mav-rec-ben\/embed\/#?secret=9vtSBBE7Yw\" width=\"600\" height=\"338\" title=\"&#8220;Change of Managing Director at M\u00c1V-REC&#8221; &#8212; M\u00c1V-REC Kft.\" data-secret=\"9vtSBBE7Yw\" frameborder=\"0\" marginwidth=\"0\" marginheight=\"0\" scrolling=\"no\" class=\"wp-embedded-content\"><\/iframe><script type=\"text\/javascript\">\n\/* <![CDATA[ *\/\n\/*! This file is auto-generated *\/\n!function(d,l){\"use strict\";l.querySelector&&d.addEventListener&&\"undefined\"!=typeof URL&&(d.wp=d.wp||{},d.wp.receiveEmbedMessage||(d.wp.receiveEmbedMessage=function(e){var t=e.data;if((t||t.secret||t.message||t.value)&&!\/[^a-zA-Z0-9]\/.test(t.secret)){for(var s,r,n,a=l.querySelectorAll('iframe[data-secret=\"'+t.secret+'\"]'),o=l.querySelectorAll('blockquote[data-secret=\"'+t.secret+'\"]'),c=new RegExp(\"^https?:$\",\"i\"),i=0;i<o.length;i++)o[i].style.display=\"none\";for(i=0;i<a.length;i++)s=a[i],e.source===s.contentWindow&&(s.removeAttribute(\"style\"),\"height\"===t.message?(1e3<(r=parseInt(t.value,10))?r=1e3:~~r<200&&(r=200),s.height=r):\"link\"===t.message&&(r=new URL(s.getAttribute(\"src\")),n=new URL(t.value),c.test(n.protocol))&&n.host===r.host&&l.activeElement===s&&(d.top.location.href=t.value))}},d.addEventListener(\"message\",d.wp.receiveEmbedMessage,!1),l.addEventListener(\"DOMContentLoaded\",function(){for(var e,t,s=l.querySelectorAll(\"iframe.wp-embedded-content\"),r=0;r<s.length;r++)(t=(e=s[r]).getAttribute(\"data-secret\"))||(t=Math.random().toString(36).substring(2,12),e.src+=\"#?secret=\"+t,e.setAttribute(\"data-secret\",t)),e.contentWindow.postMessage({message:\"ready\",secret:t},\"*\")},!1)))}(window,document);\n\/* ]]> *\/\n<\/script>\n","thumbnail_url":"https:\/\/mavrec.hu\/wp-content\/uploads\/B\u00f3ta-Norbert.jpg","thumbnail_width":270,"thumbnail_height":404,"description":"Mr. Norbert B\u00f3ta stepped down as M\u00c1V-REC Ltd.\u2019s managing director as of 15 September, 2020. Mr. Norbert Csom\u00f3s is going to take over the role of managing director from 16 September 2020 who was the head of waste management division for 7 years following the formation of the company. Since the beginning of 2020, he [&hellip;]"}

MÁV-REC Kft.

Péter Csőke

Change of Managing Director at MÁV-REC - MÁV-REC Kft.

<blockquote class="wp-embedded-content" data-secret="9vtSBBE7Yw"><a href="https://mavrec.hu/en/uncategorized/ugyvezeto-valtas-a-mav-rec-ben/">Change of Managing Director at MÁV-REC</a></blockquote><iframe sandbox="allow-scripts" security="restricted" src="https://mavrec.hu/en/uncategorized/ugyvezeto-valtas-a-mav-rec-ben/embed/#?secret=9vtSBBE7Yw" width="600" height="338" title="&#8220;Change of Managing Director at MÁV-REC&#8221; &#8212; MÁV-REC Kft." data-secret="9vtSBBE7Yw" frameborder="0" marginwidth="0" marginheight="0" scrolling="no" class="wp-embedded-content"></iframe><script type="text/javascript">
/* <![CDATA[ */
/*! This file is auto-generated */
!function(d,l){"use strict";l.querySelector&&d.addEventListener&&"undefined"!=typeof URL&&(d.wp=d.wp||{},d.wp.receiveEmbedMessage||(d.wp.receiveEmbedMessage=function(e){var t=e.data;if((t||t.secret||t.message||t.value)&&!/[^a-zA-Z0-9]/.test(t.secret)){for(var s,r,n,a=l.querySelectorAll('iframe[data-secret="'+t.secret+'"]'),o=l.querySelectorAll('blockquote[data-secret="'+t.secret+'"]'),c=new RegExp("^https?:$","i"),i=0;i<o.length;i++)o[i].style.display="none";for(i=0;i<a.length;i++)s=a[i],e.source===s.contentWindow&&(s.removeAttribute("style"),"height"===t.message?(1e3<(r=parseInt(t.value,10))?r=1e3:~~r<200&&(r=200),s.height=r):"link"===t.message&&(r=new URL(s.getAttribute("src")),n=new URL(t.value),c.test(n.protocol))&&n.host===r.host&&l.activeElement===s&&(d.top.location.href=t.value))}},d.addEventListener("message",d.wp.receiveEmbedMessage,!1),l.addEventListener("DOMContentLoaded",function(){for(var e,t,s=l.querySelectorAll("iframe.wp-embedded-content"),r=0;r<s.length;r++)(t=(e=s[r]).getAttribute("data-secret"))||(t=Math.random().toString(36).substring(2,12),e.src+="#?secret="+t,e.setAttribute("data-secret",t)),e.contentWindow.postMessage({message:"ready",secret:t},"*")},!1)))}(window,document);
/* ]]> */
</script>

https://mavrec.hu/wp-content/uploads/Bóta-Norbert.jpg

Mr. Norbert Bóta stepped down as MÁV-REC Ltd.’s managing director as of 15 September, 2020. Mr. Norbert Csomós is going to take over the role of managing director from 16 September 2020 who was the head of waste management division for 7 years following the formation of the company. Since the beginning of 2020, he [&hellip;]
